mber?
False
Is 53598530057 prime?
True
Is 1836658007 a composite number?
False
Is 199941527 a prime number?
True
Is 1944459899 a prime number?
True
Is 26360260813 composite?
True
Is 540146059 composite?
False
Is 50136182815 prime?
False
Is 15157907071 a composite number?
False
Is 1233233101 a prime number?
False
Is 5597115347 composite?
False
Is 5611749019 composite?
False
Is 27451295881 a composite number?
False
Is 22760921 a composite number?
False
Is 813703643 prime?
True
Is 33994408726 composite?
True
Is 992548289 a prime number?
True
Is 68180190681 composite?
True
Is 2378323831 a composite number?
True
Is 2192455763 a composite number?
True
Is 2958609727 composite?
True
Is 91844813 composite?
True
Is 307510741 a prime number?
True
Is 1016803679 a composite number?
False
Is 1624410545 prime?
False
Is 87615091469 prime?
False
Is 2638215313 a prime number?
False
Is 10961885887 prime?
False
Is 4160053367 a composite number?
False
Is 5361850147 a prime number?
True
Is 10913419541 a composite number?
False
Is 2830282879 prime?
True
Is 536966363 prime?
True
Is 30146925517 composite?
False
Is 15229551119 composite?
False
Is 41642389 a prime number?
False
Is 4065135491 a composite number?
False
Is 34109366887 prime?
True
Is 7414480967 a prime number?
False
Is 2409311263 a prime number?
True
Is 17073879589 a prime number?
False
Is 27855015239 prime?
False
Is 6760703539 prime?
False
Is 3326613547 prime?
False
Is 1578909259 prime?
True
Is 67598089 composite?
True
Is 1160521585 composite?
True
Is 1297984301 prime?
True
Is 61370769697 composite?
False
Is 127565296217 a prime number?
True
Is 134073103 composite?
False
Is 321258787 composite?
False
Is 709443227 a composite number?
False
Is 180090173 composite?
False
Is 14640211357 composite?
True
Is 109897847627 prime?
False
Is 1017234077 composite?
True
Is 1563154147 prime?
False
Is 13407615311 a composite number?
False
Is 1131518987 a prime number?
True
Is 3006329 a prime number?
False
Is 2522004353 composite?
True
Is 3536913703 a composite number?
False
Is 2562196577 prime?
True
Is 4025107 composite?
True
Is 3169419569 a composite number?
False
Is 193581683 a composite number?
False
Is 347981363 a prime number?
True
Is 30830752795 a composite number?
True
Is 1484070253 a prime number?
True
Is 1733587861 a prime number?
True
Is 5633574321 composite?
True
Is 1615093469 a prime number?
False
Is 8828358103 composite?
True
Is 1143509663 a composite number?
False
Is 2638950487 composite?
True
Is 13784848919 composite?
False
Is 1128031717 a prime number?
True
Is 973127213 a prime number?
False
Is 5309832197 prime?
True
Is 11304441487 composite?
False
Is 16367737 prime?
True
Is 164338231 a prime number?
True
Is 79915237 composite?
True
Is 66126662807 composite?
False
Is 23949126401 prime?
False
Is 829343467 a composite number?
True
Is 23848173959 prime?
True
Is 3763116131 prime?
False
Is 140829866813 composite?
False
Is 117545636501 a prime number?
True
Is 1142797399 a prime number?
True
Is 360599507 prime?
False
Is 343176283 a composite number?
False
Is 659676469 prime?
True
Is 468256637 prime?
False
Is 111028444841 composite?
True
Is 3645172391 a prime number?
False
Is 966091211 prime?
True
Is 1904545519 composite?
False
Is 6997914419 composite?
False
Is 6911583079 a composite number?
True
Is 17396339083 a composite number?
False
Is 2470307869 prime?
False
Is 2745305363 prime?
True
Is 1049706143 prime?
True
Is 949053283 prime?
True
Is 13564971649 prime?
True
Is 489175543 composite?
False
Is 16012910747 prime?
False
Is 1046981647 a composite number?
False
Is 636321139 composite?
True
Is 2251409 a composite number?
True
Is 934312667 a prime number?
True
Is 97829233487 a composite number?
True
Is 6079111421 prime?
False
Is 69025531 a composite number?
True
Is 47709813287 prime?
True
Is 2881077301 composite?
False
Is 1867496347 prime?
True
Is 174211559047 prime?
True
Is 4457455021 prime?
True
Is 47664066187 composite?
True
Is 237289783 prime?
True
Is 1224938809 composite?
True
Is 9647699809 composite?
True
Is 350241233 a composite number?
False
Is 152661052277 composite?
True
Is 22356667073 composite?
True
Is 4494502817 composite?
True
Is 80639049079 a prime number?
False
Is 2943022553 composite?
False
Is 757790633 a composite number?
False
Is 14301896321 a composite number?
False
Is 2831521929 a prime number?
False
Is 10990509667 prime?
False
Is 4043578457 prime?
False
Is 8413623613 a composite number?
False
Is 1654774339 a prime number?
False
Is 69363221045 a prime number?
False
Is 103617461209 a prime number?
False
Is 904023817 a prime number?
True
Is 186249983 composite?
False
Is 36366448111 prime?
False
Is 128292378631 a composite number?
False
Is 10660960333 prime?
True
Is 7645417661 prime?
False
Is 1402470521 a composite number?
False
Is 464558321 a composite number?
False
Is 3071973943 a composite number?
False
Is 929039567 a prime number?
True
Is 276384083 a composite number?
False
Is 25812380509 prime?
True
Is 106655670139 a prime number?
True
Is 48721919 composite?
True
Is 101101453 prime?
False
Is 503039783 prime?
False
Is 22468689887 a prime number?
False
Is 10147097483 a prime number?
False
Is 2911947167 composite?
False
Is 393108161 prime?
True
Is 172178008469 a composite number?
False
Is 212625923 composite?
False
Is 78508147493 composite?
True
Is 3934261807 composite?
True
Is 62490522583 prime?
False
Is 2781577 prime?
True
Is 148390717 a prime number?
True
Is 2636757241 prime?
True
Is 316836719 a composite number?
True
Is 4986862843 composite?
True
Is 113065417 prime?
False
Is 11426703499 a composite number?
True
Is 1667316901 a composite number?
False
Is 5791434817 a prime number?
False
Is 1592147947 a prime number?
False
Is 6051349051 prime?
False
Is 3706752781 prime?
False
Is 245904443 composite?
False
Is 532342883 a composite number?
True
Is 114465253135 composite?
True
Is 3409895101 composite?
False
Is 5563792387 a prime number?
True
Is 31759723427 composite?
True
Is 5270175173 a prime number?
False
Is 870517507 composite?
False
Is 403900649 prime?
True
Is 1342365247 a prime number?
False
Is 11490801139 a prime number?
False
Is 14950233443 a prime number?
True
Is 10207904789 prime?
True
Is 5970516821 a prime number?
True
Is 10334903957 a prime number?
False
Is 59078582579 a composite number?
False
Is 650610461 a composite number?
False
Is 1868789519 composite?
False
Is 407164111 a prime number?
True
Is 19160244319 a composite number?
False
Is 34612873 a prime number?
True
Is 325820329 composite?
False
Is 3405305245 composite?
True
Is 1686603707 a composite number?
True
Is 1506163943 prime?
False
Is 74751707 composite?
False
Is 19791642023 a composite number?
False
Is 2412143303 a prime number?
False
Is 1105268231 a prime number?
True
Is 1753998063 a prime number?
False
Is 1279649219 a prime number?
True
Is 8704297799 composite?
False
Is 761229751 composite?
True
Is 33897746467 composite?
True
Is 71902351289 a composite number?
True
Is 1581709557 composite?
True
Is 1285879057 a prime number?
False
Is 14665409 a prime number?
False
Is 12785394779 prime?
False
Is 10909767311 a prime number?
False
Is 39266807579 a prime number?
True
Is 2366415717 composite?
True
Is 12198811673 composite?
False
Is 174532543 prime?
True
Is 6429918331 composite?
True
Is 722212613 a prime number?
False
Is 6813318619 composite?
False
Is 5263181909 a prime number?
True
Is 24948126947 a composite number?
True
Is 49217232137 a composite number?
True
Is 60067813601 a composite number?
False
Is 1190979393 prime?
False
Is 2980185229 prime?
False
Is 859367057 composite?
False
Is 134945243 a composite number?
True
Is 6752826337 a composite number?
True
Is 1664970577 a prime number?
False
Is 500431433 prime?
False
Is 3610201939 a composite number?
True
Is 21211232351 prime?
True
Is 289852447 a composite number?
True
Is 5156374327 a composite number?
True
Is 48170636627 prime?
True
Is 7389785827 prime?
False
Is 65568280021 a composite number?
True
Is 183506077 a prime number?
True
Is 12412998127 composite?
False
Is 10510743157 a prime number?
True
Is 37232762183 composite?
False
Is 18341021263 a composite number?
False
Is 6248215069 a prime number?
False
Is 3318099839 composite?
False
Is 43540028639 prime?
True
Is 46548